 Let h(r) = -5*r**3 + r + 1. Determine h(x).
5
Let k(o) = o + 1. Let f(z) = -1. Let s(j) = -f(j) - k(j). Let w(n) = 0*n + 2*n + n**2 - n - 2. Let c(a) = -2*s(a) - w(a). Determine c(2).
0
Let t = 32 - 27. Let v(q) = q**2 - 4*q + 1. Determine v(t).
6
Let g(k) be the second derivative of -k**7/2520 + k**6/360 + k**5/40 + k**4/3 + 2*k. Let d(v) be the third derivative of g(v). Determine d(3).
0
Let w(o) be the first derivative of 2*o + 1/3*o**3 - 8 - o**2. Let u be ((-2)/3)/((-2)/6). What is w(u)?
2
Let x be 1472/240 + 4/(-30). Let h(k) = 2*k + 2. Calculate h(x).
14
Let q(n) = -n - 4. Let c be q(-4). Suppose c = 5*u + 3*f + 20, -f = -0*f. Let k(o) = 4 + 0*o - 4*o + 2*o - o**2. Give k(u).
-4
Let s = 10 + -12. Let c(i) = i**2 + 1 + i**3 - 2*i - 2 - 1. Calculate c(s).
-2
Let h(b) = -b - 1. Suppose -2*z - 4 = -3*k + 5*k, -3*z - 6 = -3*k. Let r(q) = k*q**3 - 6*q**2 + 0*q + 6 + q**3 + 7*q. Let x(p) = -5*h(p) - r(p). Calculate x(2).
11
Let c(p) = -p - 2. Suppose 2*u = 3*u. Give c(u).
-2
Let c(y) = 5*y**3 - 11*y**2 + y - 4. Let n(f) = 6*f**3 - 12*f**2 + 2*f - 4. Let w(j) = -7*c(j) + 6*n(j). Calculate w(-3).
7
Let m(l) be the first derivative of 5 - 1/2*l**2 + 6*l. What is m(7)?
-1
Let k(p) be the third derivative of -p**4/24 + p**3/6 + 10*p**2. What is k(-3)?
4
Let x(t) = 3*t + 2. Let u(z) = z - 1. Let w(q) = -4*u(q) + x(q). Let y be (-1 - -1) + 5 + -2. Let k be w(y). Let g(r) = -r**2 + 6*r - 4. Give g(k).
5
Let z(y) = 7*y**2 + 13*y + 4. Let t(g) = -g**2 - g - 1. Let k(d) = 6*t(d) + z(d). Give k(-7).
-2
Let c(h) = h + 1. Suppose -4*a = -4*i - 8 + 28, 0 = 4*i + 8. Calculate c(a).
-6
Let p(h) = -4*h**3 + 2*h**2 - 1. Let d(z) = z + 9. Let q be d(-7). Let c be 2/4 - (-1)/q. Suppose -2*u + u - c = 0. Determine p(u).
5
Let t(z) = -6*z. Let p(f) = 3*f. Let d(u) = 9*p(u) + 4*t(u). Give d(1).
3
Let k(j) = j + 6. Let f(n) = n**2 - 7*n + 6. Let i be f(7). Calculate k(i).
12
Let a = 13/296 - -3/37. Let q(r) be the third derivative of 0 + 0*r + a*r**4 + r**2 - r**3. Determine q(4).
6
Let j(l) = -l**3 - 3*l**2 + 4*l - 4. Let s(g) be the first derivative of -g**3/3 - 5*g**2/2 + 10*g - 1. Let n be s(-7). Calculate j(n).
-4
Let o(r) = 2*r - 2. Suppose -17 = -5*z + z + k, 4*z - 26 = -2*k. Let g be (-5)/(z/2) - 1. Calculate o(g).
-8
Let z(g) = g**3 - 8*g**2 + 16*g - 15. Let t be z(6). Let p(a) = -a**3 + 8*a**2 + 9*a - 6. What is p(t)?
-6
Let p be (-1)/(-3) - 10/(-12). Let z(b) be the second derivative of 2*b + 0 + 0*b**2 + p*b**3. Calculate z(-1).
-7
Let j(g) be the third derivative of -g**6/30 - g**5/30 + g**3/6 + 3*g**2. Let c = -3 + 2. Give j(c).
3
Let o(h) = -h**2 - h. Let d(c) = 5*c**2 + 6*c. Let r(u) = -d(u) - 6*o(u). Give r(-3).
9
Let k(c) = c**3 - 5*c**2 + 2*c + 2. Let a(l) be the third derivative of -l**5/60 + l**4/3 - 3*l**3/2 - 2*l**2. Let r be a(6). What is k(r)?
-10
Let v(z) = -z**2 + 5*z - 2. Let r = -6 - -4. Suppose 9*l + 25 = 4*l. Let c = r - l. Determine v(c).
4
Let w(d) = d + 9. Let r be w(-4). Let q(v) = -v**3 + 5*v**2 + 1. Calculate q(r).
1
Let f be (9/6)/((-4)/(-8)). Let c(g) be the second derivative of 0 + g + 0*g**3 + 3/2*g**2 - 1/20*g**5 + 1/6*g**4. Determine c(f).
-6
Let s(a) = a. Let u(d) = -4*d + 1. Let p be (-3)/(-2 + 5)*-4. Suppose -p = 3*n - 1. Let y be u(n). Calculate s(y).
5
Let r(u) = u**2 - 3*u - 1. Let g(v) = -6*v**2 + 15*v + 5. Let c(d) = -2*g(d) - 11*r(d). Calculate c(-3).
1
Let o(s) = s**2 + 3*s. Suppose 2*t - 48 = -4*z, z + 4*t - 19 = -0*z. Suppose 8 = c - 0. Suppose 4*l + 4 = 4*w, -5*w - z - c = 3*l. What is o(l)?
0
Let h = 4 + 1. Suppose -b + h*g = 14, -3*b - 2*g = 3*g - 38. Let y(l) = 4*l - b*l + 3*l. Calculate y(-2).
-2
Let y(k) = -k**3 - 8*k**2 - 6*k + 3. Let z(j) = j**2 + 6*j - 7. Let o be z(-6). Let l be y(o). Let v(n) = 6*n + 5*n**2 + n**3 + 4 + 4 - 2. Determine v(l).
-2
Let u(s) = s**3 - 2*s**2 - 3*s + 3. Let z(a) = 2*a**2 - 13*a - 4. Let v be z(7). Give u(v).
3
Let u(i) = 17*i + 3. Let m(n) = -11*n - 2. Suppose -4*k = -3*w + 8, -16 = -5*k - 3*w + 1. Let l be k*-1*(0 - 5). Let x(f) = l*u(f) + 8*m(f). What is x(3)?
-10
Let q = -1 - -3. Let d(p) = p**3 - 16*p - 6*p**2 - 15*p - 8*p + 42*p. Give d(q).
-10
Let w(p) = -2*p**2 - 3*p - 6. Let r(h) = 5*h**2 + 8*h + 17. Let v(j) = j - 1. Let m be v(5). Let d be (-1)/4 - 15/m. Let b(s) = d*r(s) - 11*w(s). What is b(2)?
8
Let b(g) = 7*g**2 + 8*g - 5*g**2 + 8 - g**2. Determine b(-7).
1
Suppose -10 - 2 = -3*s. Let q(f) = -f + 7. Let x(v) = 3*v - 20. Let i(a) = -11*q(a) - 4*x(a). What is i(s)?
-1
Let j(s) = -2 + 5 - 3*s + 0*s. Let f(p) = p**3 + 7*p**2 + 5*p - 4. Let m be f(-6). What is j(m)?
-3
Let n(f) be the third derivative of f**4/24 + f**3/2 - 7*f**2. Determine n(0).
3
Let t(y) = -2*y**2 - y - 2. Suppose -4*m + 3 = -5*u + 1, -5*u + 1 = -3*m. Calculate t(u).
-12
Let m(k) = 2*k - 6. Let p = 2 + 2. Let f(c) = 2*c**2 - 7*c + 5. Let a be f(p). Let r = -5 + a. Calculate m(r).
2
Suppose -5*a - 30 = -4*s, -6*s + 21 = 2*a - s. Let y(f) be the third derivative of f**4/12 - 37*f**2. Give y(a).
-4
Let v(l) = l - 2. Let i(o) = o**3 + 7*o**2 + 6*o + 2. Suppose -8*j + 30 = -13*j. Let h be i(j). Calculate v(h).
0
Let x be (-43)/(-9) - (-6)/27. Let q(s) = 3 - s - x - s. Suppose 0 = l + 4 - 1. Calculate q(l).
4
Suppose -2*d + 3*k + 13 = 0, -5*k = 5*d + 46 - 16. Let w be (4*-1)/d - 2. Let y(i) = i**3 + i**2 - 2*i. Calculate y(w).
8
Let m(k) be the second derivative of -k**7/315 + k**6/360 - k**5/120 + k**4/3 - 4*k. Let y(o) be the third derivative of m(o). What is y(1)?
-7
Let o(b) be the second derivative of -b**5/20 - b**4/4 + b**3/2 + b**2/2 + 3*b. Let v be 2 + -7 + 4/2. Give o(v).
-8
Let l(w) = -2*w**2 + w + 2. Let h(f) be the first derivative of -f**4/4 - 4*f**3/3 - f**2/2 - 4*f + 1. Let t be h(-4). Suppose 2*o - 5 + 1 = t. Determine l(o).
-4
Let w(p) = -p - 2. Let t be (-48)/(-27) - (-4)/18. Suppose 4*v = 6*v + t. Let l = 1 + v. Determine w(l).
-2
Let g(w) be the second derivative of 0 - 1/20*w**5 + 1/2*w**2 + 5/6*w**3 - 1/4*w**4 + w. Let u be 10/(-3) + (-10)/15. Determine g(u).
-3
Let v(q) = 2*q. Let w be 2/1 + 6/(12/(-14)). Give v(w).
-10
Let v(h) be the second derivative of 3/2*h**2 + 3*h + 1/20*h**5 + 0 - 1/24*h**4 - 1/120*h**6 + 1/2*h**3. Let b(q) be the first derivative of v(q). Give b(3).
0
Let f be (0 - (-52)/16)*-4. Let y = -13 - f. Let z(q) = -q**3 + q**2 + q - 1. Determine z(y).
-1
Let i be (0 - -2)/(-2)*-2. Let w = 21 + -14. Suppose g - i = -w. Let j(p) = -p**2 - 5*p - 2. Give j(g).
-2
Let j be -3 - -3 - -1*1. Suppose -5*a + 26 = 2*g, a + g - 6 = j. Suppose a*n - 7*n = 18. Let c(x) = x + 6. Give c(n).
0
Let r(x) = -x**3 + 6*x**2 - 3*x + 1. Let f(z) = 4*z**3 - 24*z**2 + 12*z - 4. Let q(n) = 2*f(n) + 9*r(n). What is q(5)?
11
Suppose 4*r + 15 = r. Let t(i) = 7*i - 5. Let s(h) = -9*h + 4. Let u(d) = -4*s(d) - 5*t(d). Determine u(r).
4
Let x(j) = -13*j**2 - 2*j - 1. Suppose 5*g - 8 = -r + 2*r, 0 = -g + 3*r - 4. Let b be g + 6/(-4)*2. Calculate x(b).
-12
Let i(l) = 6*l**3 - 4*l**2 - 7*l - 7. Let k(n) = -5*n**3 + 4*n**2 + 6*n + 7. Let g(u) = 4*i(u) + 5*k(u). Calculate g(5).
-8
Let f(z) = -z**3 + 7*z**2 - 6*z - 4. Suppose 0 = -5*t + 13 + 17. Determine f(t).
-4
Let k be 3*-1*(-12)/(-6). Let a(b) = 8*b + 3. Let j(g) = -9*g - 3. Let s(w) = k*j(w) - 7*a(w). Determine s(-5).
7
Let q be -5*(-2 + (-8)/(-10)). Let m(k) be the third derivative of -k**5/60 + k**4/4 + k**3 - k**2. Calculate m(q).
6
Let l(p) be the second derivative of -p**4/12 - 2*p**3/3 + p. Let n(w) = w**3 + 10*w**2 - 12*w - 15. Let k be n(-11). What is l(k)?
0
Let a = 7 + -5. Let v(t) = -1 - 4*t + 2*t + a. Give v(4).
-7
Let v(x) = -x**2 + 3*x - 6. Let u(p) = 2*p**2 - 2*p + 5. Let h(q) = -5*u(q) - 4*v(q). Determine h(-1).
-5
Let h be (-3)/(-1) + (3 + -9 - 0). Let j(l) = -8*l + 4. Give j(h).
28
Let w(h) = 7*h. Let k(b) = b - 1. Let a be k(-1). Give w(a).
-14
Suppose -2*p - 2*p = -3*t, 2*p = 3*t. Let z(d) = 3*d. Let s be z(1). Let h(l) = s - 4*l - l + 4*l. Calculate h(p).
3
Let q(l) be the third derivative of -l**7/840 - l**6/90 - l**5/40 - l**4/24 - l**3/6 - 4*l**2. Let m(g) be the first derivative of q(g). Calculate m(-2).
-3
Let t = 8 - 5. Let r be (-2)/4 + t/2. Let z(k) = -4 + 4 + 7*k + 4 - 5. What is z(r)?
6
Suppose 0*h = 3*h + 42. Let b = 18 + h. Let u(g) = 3*g - 5. Determine u(b).
7
Suppose -5*j = 3*k, 3*k - 8*k - 10 = 5*j. Let